 d is divided by 5?
1
Suppose 4*j - j = z - 1393, -5*z + 6985 = -5*j. Suppose 289 = w - 5*a, 5*w - 15*a = -13*a + z. What is the remainder when w is divided by 35?
34
Let d(h) = 683*h + 149. Calculate the remainder when d(17) is divided by 19.
18
Let g = -3096 + 3326. Calculate the remainder when 739 is divided by g.
49
Let y = 41876 - 41856. Calculate the remainder when 23438 is divided by y.
18
Suppose t + 0*w = -5*w + 37, 55 = 5*t - w. Suppose 4*b + c = 214, -4862*b - 5*c = -4859*b - 118. Calculate the remainder when b is divided by t.
8
Suppose 0 = 4*i + 4, -3*s - 2*i = -s + 362. Let q = s - -208. What is the remainder when 250 is divided by q?
26
Let t(u) = 18*u + 31. Suppose 0 = 10*n - 3*n + 42. Let b be t(n). Let c = b + 91. What is the remainder when c is divided by 2?
0
Let t(p) = 22*p**2 + 2*p - 1410. What is the remainder when t(20) is divided by 169?
163
Suppose -4*h = -3*h. Suppose h = 5*w + l - 71, -4*l - 31 = -3*w + 2*w. Let v = 5 - -37. Calculate the remainder when v is divided by w.
12
Suppose 0 = -10*o + 17*o + 41*o - 107904. Calculate the remainder when o is divided by 560.
8
Suppose 0 = -u + 5*f + 69, 4*f - 2*f + 345 = 5*u. Let v(y) = 2*y**2 - y + 3. Let l be v(-3). Suppose -q + l = 6. Calculate the remainder when u is divided by q.
15
Calculate the remainder when 258 is divided by 132 + 21/9*(-2 - 1).
8
Suppose -273206 = -231*j + 131737. Calculate the remainder when j is divided by 135.
133
Suppose -17*n = 553 - 1148. Suppose 0 = -6*f + 5*f. Suppose f = 4*c - 26 - 10. Calculate the remainder when n is divided by c.
8
Let a = -35 - -55. Suppose 5*h = -a, 2*w - 6*h = -3*h - 40. Calculate the remainder when (-2385)/(-39) - (-4)/w is divided by 16.
13
Let h(a) = 7*a**3 - 4*a**2 + a + 3. Let p be h(2). Let l = p + 8. Calculate the remainder when l is divided by 15.
8
Suppose -f + 15*m + 154 = 10*m, 0 = -3*f + m + 546. Calculate the remainder when 365 is divided by f.
181
Let s(i) = 6*i**2 - 45*i - 13. What is the remainder when 6763 is divided by s(8)?
9
Let k be 1*(-4)/8*-10. Suppose 5*j = p - 14, 0*j - k*j = 0. Suppose 5*o - 3*o - m = 14, -3*o - 3*m = -30. Calculate the remainder when p is divided by o.
6
Suppose 6*p - 350 = p. Suppose -9*h + p = -110. What is the remainder when 47 is divided by h?
7
Let w = 27410 + -27390. Suppose 0 = -o + 2*o - 52. Calculate the remainder when o is divided by w.
12
Suppose -2*o + 3*o = 15. Suppose 23 + 19 = 14*h. Calculate the remainder when ((1232/33)/(-2))/((-1)/h) is divided by o.
11
Suppose 6*t + 5*p - 92 = -56, -4*t + 62 = -3*p. What is the remainder when 1279 is divided by t?
3
Suppose 2*h = 3*k - 2050, 5*k = 4*h + 924 + 2490. Calculate the remainder when k is divided by 231.
224
Let j(u) = 2*u - 4. Let b be j(2). Suppose b*v - 24 = -2*v. Let q = -160 + 207. What is the remainder when q is divided by v?
11
Calculate the remainder when (20/45)/((-10)/(-3465)) is divided by 3.
1
Let b = -13 + 17. Suppose -20 = -5*y, -2*m - b*y + 24 = -0*y. Suppose 5*w + c - 795 = 0, 484 = 5*w + m*c - 296. What is the remainder when w is divided by 41?
37
Suppose 26*y + 16 = 25*y. Let j(z) = z**3 + 15*z**2 - 18*z - 30. Let m be j(y). What is the remainder when 116 is divided by m - 0 - (0 + -37)?
38
Let m(y) = 212*y - 13953. Calculate the remainder when 697 is divided by m(66).
34
Let a(t) = 66*t. Let z(d) = -5*d**2 + 62*d - 43. Let v = 1100 - 1089. Calculate the remainder when a(1) is divided by z(v).
32
Suppose -2*k = -9*k + 406. Suppose -6*i + 82 = -4*c - 4*i, 0 = -3*c + 4*i - 64. Let m = c + k. Calculate the remainder when 227 is divided by m.
37
Let x(h) = h**3 - 9*h**2 - 181*h + 1981. Calculate the remainder when x(12) is divided by 49.
45
Calculate the remainder when 9/(-45) - 568/(-40)*16 is divided by 34.
23
Let f = 12 - -33. Let k(i) = -202*i - 1797. Let y be k(-9). Suppose 26*d - f = y*d. Calculate the remainder when d is divided by 3.
0
Let g(w) = -107*w - 321. Calculate the remainder when g(-7) is divided by 53.
4
Let q(a) = 4*a + 32. Suppose 2*l = 3*b - 12, -4*b = -5*l - 2*b - 19. Calculate the remainder when 91 is divided by q(l).
11
Let g(s) = -8*s**3 - s**2 + 2*s + 2. Let m be g(-1). Let d = m - 12. Let b = 15 + d. Calculate the remainder when 127 is divided by b.
7
Suppose -12*z - 4474 + 5002 = 0. Calculate the remainder when 1271 is divided by z.
39
Let a(c) = -c + 6. Let q be a(8). Let t(w) = -4*w**2 + 5*w**2 + w + 5*w**2 + 2 + 10*w**2. What is the remainder when t(q) is divided by 13?
12
Suppose d + 12 - 30 = 0. Let h(y) = 2*y**3 - 349*y**2 - 188*y + 2721. Calculate the remainder when h(175) is divided by d.
14
Let j be 1/(75/4810) - (-2)/(-15). Suppose -63*l - 41 = -j*l. Calculate the remainder when l is divided by 15.
11
Calculate the remainder when 82/(6/(-40) + (-68)/(-170)) is divided by 135.
58
Suppose 5*x - 189 = -2*g, -5*x + 1546*g - 1545*g = -213. Calculate the remainder when 87 is divided by x.
5
Let g(r) = -57 + 39 - r**2 + 19*r - 19. Calculate the remainder when 150 is divided by g(8).
48
Suppose -5*n + 14 = -1. Suppose 21*p - 1280 = -40*p - 19*p. What is the remainder when 16/(-6)*(-15 + n) is divided by p?
0
Let d(r) = 36*r - 268. Let o be d(-7). Let b = -482 - o. What is the remainder when b is divided by 8?
6
Let v(d) = -d**3 + d**2 - d. Let g(a) = -5*a**3 + 8*a**2 - 4*a. Let x(j) = -g(j) + 2*v(j). What is the remainder when x(5) is divided by 17?
14
Let h = -21 + 18. Let u be ((36/5)/h)/(2/160). Calculate the remainder when (-1)/(2/8 - (-52)/u) is divided by 17.
14
What is the remainder when (2 - 3)/(41738/4174 + -10) is divided by 22?
19
Let a(p) = -122*p - 162. Calculate the remainder when a(-6) is divided by 148.
126
Let l(z) = z**3 - 4*z**2 - 13*z + 9. Let q be l(6). Let c(d) = -6 - 90*d**3 + 2*d - 26 + 91*d**q - 26*d**2. What is the remainder when 57 is divided by c(26)?
17
What is the remainder when 3076 is divided by 4/24*-2 + (7 - 280/(-21))?
16
Let u be 1 + 3*(-5)/5. Let w(k) = k**3 + 6*k**2 + 2*k - 1. Let l be w(u). Let a = 21 - l. Calculate the remainder when 28 is divided by a.
8
Let b(i) = 4*i - 10. Let o be b(3). Suppose 0 = -f + o*y + 124, -5*y - 615 = -f - 4*f. Calculate the remainder when f is divided by 31.
29
Suppose -352 = 11*q + 357 - 753. What is the remainder when 1546 is divided by q?
2
What is the remainder when 5392/12 - ((-140)/30)/(-14) is divided by 46?
35
Let c = -8459 - -9630. Calculate the remainder when c is divided by 49.
44
Let t(a) = -30*a - 25. Let j = -18 - -24. Suppose 16*n + 30 = j*n. What is the remainder when t(n) is divided by 34?
31
Let a(w) = 75*w - 522. What is the remainder when 614 is divided by a(11)?
8
Let c(s) = -91*s + 5619. What is the remainder when 317 is divided by c(60)?
158
Let n(k) = 5*k**2 + 862*k + 358. Suppose -2*v + v - 151 = -3*p, -2*p + 114 = 2*v. Calculate the remainder when p is divided by n(-172).
10
Let b be (-4)/(-50) - (-3148)/25. Let u = -31 + b. What is the remainder when u is divided by 50?
45
Let f(d) = -7*d**2 + 93*d - 9. What is the remainder when f(8) is divided by 155?
132
Suppose 16*q + 475 = 11*q. Let m = 118 + q. Calculate the remainder when m is divided by (-2)/(2/(-11)) + 1.
11
Let y(l) = -l**3 - 13*l**2 - 13*l - 9. Let q be y(-12). Calculate the remainder when (-267)/(-3) - (-7 + (q - 0)) is divided by 24.
21
Let u = -2061 - -2066. Calculate the remainder when 134 is divided by u.
4
Let d = 227 - 603. Let m = d + 390. Let a(i) = 4*i**3 + 3*i**2 - 2*i - 1. What is the remainder when a(2) is divided by m?
11
Suppose 5*w = 3*i + 6*w - 7676, -2*i + 2*w + 5112 = 0. Calculate the remainder when i is divided by 64.
62
Let h(x) = 9*x**3 - 6*x**2 + 4*x + 6. Let f be h(3). Suppose -n = -b - 70, 4*n - 80 - f = -3*b. Calculate the remainder when n is divided by 30.
11
Let l = 1 - 1. Suppose -24*t + 27*t - 405 = l. Let g = t + -122. Calculate the remainder when 205 is divided by g.
10
Let a = -1489 - -1536. Suppose 3*b - m = -119, 0 = 3*m - 4*m - 4. Let k = b + a. Calculate the remainder when k is divided by 5.
1
Suppose -5*h - u + 279 + 299 = 0, -3*h + 358 = -5*u. Suppose -2*j = 5*c - 65, 0*j - 5*j = -3*c - h. What is the remainder when 148 is divided by j?
23
Let o be (-172)/2 + (-196)/98. Suppose 0 = -4*v - 213 - 295. Let b = o - v. Calculate the remainder when b is divided by 5.
4
Let t 